der when 203 is divided by 101?
1
Calculate the remainder when 1454 is divided by 104.
102
Calculate the remainder when 1068 is divided by 45.
33
What is the remainder when 738 is divided by 156?
114
What is the remainder when 9645 is divided by 91?
90
What is the remainder when 784 is divided by 414?
370
What is the remainder when 516 is divided by 25?
16
Calculate the remainder when 148 is divided by 69.
10
Calculate the remainder when 3119 is divided by 4.
3
What is the remainder when 278 is divided by 90?
8
What is the remainder when 1361 is divided by 35?
31
What is the remainder when 11537 is divided by 481?
474
What is the remainder when 18647 is divided by 14?
13
What is the remainder when 111 is divided by 32?
15
Calculate the remainder when 208 is divided by 14.
12
Calculate the remainder when 3516 is divided by 23.
20
Calculate the remainder when 5928 is divided by 77.
76
Calculate the remainder when 15122 is divided by 199.
197
Calculate the remainder when 3488 is divided by 4.
0
What is the remainder when 1405 is divided by 176?
173
Calculate the remainder when 862 is divided by 67.
58
What is the remainder when 399 is divided by 120?
39
What is the remainder when 294 is divided by 76?
66
What is the remainder when 3693 is divided by 21?
18
Calculate the remainder when 212 is divided by 60.
32
What is the remainder when 3911 is divided by 389?
21
Calculate the remainder when 3371 is divided by 96.
11
What is the remainder when 428 is divided by 7?
1
Calculate the remainder when 287 is divided by 30.
17
What is the remainder when 1769 is divided by 30?
29
What is the remainder when 449 is divided by 46?
35
What is the remainder when 1275 is divided by 11?
10
What is the remainder when 142 is divided by 18?
16
What is the remainder when 150 is divided by 9?
6
Calculate the remainder when 870 is divided by 97.
94
What is the remainder when 4552 is divided by 9?
7
What is the remainder when 35 is divided by 8?
3
What is the remainder when 2406 is divided by 243?
219
Calculate the remainder when 101 is divided by 88.
13
Calculate the remainder when 206 is divided by 26.
24
What is the remainder when 1031 is divided by 115?
111
Calculate the remainder when 409 is divided by 46.
41
What is the remainder when 2548 is divided by 75?
73
Calculate the remainder when 531 is divided by 13.
11
What is the remainder when 2139 is divided by 63?
60
What is the remainder when 14 is divided by 8?
6
What is the remainder when 395 is divided by 344?
51
Calculate the remainder when 6 is divided by 6.
0
What is the remainder when 1721 is divided by 21?
20
What is the remainder when 4836 is divided by 82?
80
What is the remainder when 117 is divided by 20?
17
What is the remainder when 1017 is divided by 503?
11
What is the remainder when 129 is divided by 4?
1
What is the remainder when 116 is divided by 15?
11
Calculate the remainder when 83 is divided by 30.
23
What is the remainder when 91 is divided by 5?
1
Calculate the remainder when 1020 is divided by 333.
21
What is the remainder when 206 is divided by 36?
26
What is the remainder when 768 is divided by 79?
57
Calculate the remainder when 867 is divided by 15.
12
What is the remainder when 147 is divided by 2?
1
Calculate the remainder when 366 is divided by 93.
87
Calculate the remainder when 2190 is divided by 137.
135
Calculate the remainder when 89 is divided by 27.
8
Calculate the remainder when 63 is divided by 32.
31
Calculate the remainder when 3030 is divided by 82.
78
Calculate the remainder when 3344 is divided by 146.
132
Calculate the remainder when 275 is divided by 31.
27
Calculate the remainder when 891 is divided by 28.
23
What is the remainder when 406 is divided by 64?
22
Calculate the remainder when 991 is divided by 38.
3
Calculate the remainder when 82 is divided by 2.
0
What is the remainder when 337 is divided by 36?
13
Calculate the remainder when 279 is divided by 71.
66
What is the remainder when 24 is divided by 12?
0
Calculate the remainder when 163 is divided by 42.
37
Calculate the remainder when 580 is divided by 39.
34
Calculate the remainder when 502 is divided by 345.
157
Calculate the remainder when 63 is divided by 14.
7
Calculate the remainder when 2108 is divided by 503.
96
What is the remainder when 713 is divided by 98?
27
Calculate the remainder when 10395 is divided by 130.
125
Calculate the remainder when 162 is divided by 144.
18
What is the remainder when 151 is divided by 108?
43
What is the remainder when 193 is divided by 14?
11
Calculate the remainder when 51 is divided by 26.
25
What is the remainder when 1104 is divided by 84?
12
What is the remainder when 275 is divided by 14?
9
What is the remainder when 28 is divided by 6?
4
Calculate the remainder when 56 is divided by 36.
20
What is the remainder when 952 is divided by 17?
0
Calculate the remainder when 80 is divided by 37.
6
Calculate the remainder when 2756 is divided by 18.
2
What is the remainder when 1501 is divided by 100?
1
Calculate the remainder when 203 is divided by 80.
43
What is the remainder when 114 is divided by 8?
2
Calculate the remainder when 127 is divided by 86.
41
Calculate the remainder when 2348 is divided by 25.
23
Calculate the remainder when 975 is divided by 314.
33
Calculate the remainder when 219 is divided by 215.
4
Calculate the remainder when 236 is divided by 68.
32
What is the remainder when 171 is divided by 139?
32
Calculate the remainder when 8682 is divided by 52.
50
What is the remainder when 174 is divided by 60?
54
What is the remainder when 216 is divided by 109?
107
Calculate the remainder when 166 is divided by 18.
4
What is the remainder when 1465 is divided by 147?
142
Calculate the remainder when 123 is divided by 26.
19
What is the remainder when 97 is divided by 54?
43
What is the remainder when 1054 is divided by 33?
31
Calculate the remainder when 257 is divided by 84.
5
Calculate the remainder when 78 is divided by 41.
37
What is the remainder when 123 is divided by 16?
11
What is the remainder when 315 is divided by 53?
50
Calculate the remainder when 2273 is divided by 65.
63
Calculate the remainder when 2391 is divided by 109.
102
What is the remainder when 294 is divided by 78?
60
What is the remainder when 7768 is divided by 21?
19
What is the remainder when 366 is divided by 51?
9
Calculate the remainder when 596 is divided by 40.
36
What is the remainder when 483 is divided by 44?
43
Calculate the remainder when 71 is divided by 31.
9
What is the remainder when 748 is divided by 50?
48
Calculate the remainder when 24706 is divided by 348.
346
Calculate the remainder when 3196 is divided by 80.
76
What is the remainder when 140 is divided by 8?
4
What is the remainder when 917 is divided by 12?
5
Calculate the remainder when 94 is divided by 23.
2
Calculate the remainder when 21 is divided by 4.
1
Calculate the remainder when 402 is divided by 56.
10
Calculate the remainder when 7177 is divided by 44.
5
What is the remainder when 287 is divided by 45?
17
What is the remainder when 53 is divided by 12?
5
What is the remainder when 66 is divided by 7?
3
What is the remainder when 636 is divided by 19?
9
Calculate the remainder when 458 is divided by 212.
34
What is the remainder when 2860 is divided by 18?
16
Calculate the remainder when 8452 is divided by 60.
52
What is the remainder when 427 is divided by 88?
75
What is the remainder when 710 is divided by 95?
45
Calculate the remainder when 180 is divided by 94.
86
What is the remainder when 339 is divided by 7?
3
Calculate the remainder when 21 is divided by 16.
5
What is the remainder when 2249 is divided by 260?
169
What is the remainder when 89 is divided by 21?
5
Calculate the remainder when 1631 is divided by 323.
16
What is the remainder when 410 is divided by 140?
130
What is the remainder when 104 is divided by 27?
23
What is the remainder when 1022 is divided by 33?
32
What is the remainder when 3067 is divided by 10?
7
Calculate the remainder when 1534 is divided by 53.
50
What is the remainder when 720 is divided by 25?
20
What is the remainder when 711 is divided by 641?
70
Calculate the remainder when 47 is divided by 7.
5
What is the remainder when 118 is divid